311202
What is -15505455 (base 6) in base 14?
-105935
231a339 (base 11) to base 9
7558815
-11240441 (base 6) to base 7
-2645053
What is -350728 (base 9) in base 6?
-4302425
What is 211110122211100 (base 3) in base 4?
231203100132
-1308642 (base 11) to base 6
-120323210
89a3 (base 11) to base 14
4466
What is -b8c67 (base 16) in base 9?
-1373162
What is -4001541 (base 7) in base 14?
-c3a21
What is 1120021110 (base 4) in base 12?
154b30
Convert 752563 (base 8) to base 6.
5215111
Convert 768430 (base 9) to base 13.
130b45
Convert -310031143 (base 5) to base 2.
-100110001101011010000
-246877 (base 9) to base 13
-5302c
Convert 735157 (base 8) to base 6.
5123103
Convert -ba1 (base 16) to base 7.
-11452
5a2aa7 (base 13) to base 5
1022221141
Convert 10010011101110100011 (base 2) to base 13.
182556
3011310102 (base 4) to base 9
1464416
What is 45df0 (base 16) in base 15?
59be7
Convert -35420253 (base 9) to base 15.
-17acbb0
-16788525 (base 9) to base 6
-500551122
Convert -426133 (base 9) to base 7.
-2104644
What is -1100001101001100001 (base 2) in base 10?
-399969
-189936 (base 10) to base 11
-11a77a
What is 77b201 (base 12) in base 5?
442000043
Convert 53314 (base 10) to base 7.
311302
Convert 201300120 (base 4) to base 9.
230586
What is 128405c (base 13) in base 15?
79a7b8
1a23595 (base 11) to base 7
41015226
What is 1140223434 (base 5) in base 10?
2664244
-634616 (base 7) to base 9
-176455
25710 (base 12) to base 3
2121010210
Convert 7352441 (base 8) to base 7.
22422005
What is -547733 (base 9) in base 11?
-203905
What is 200202100211022 (base 3) in base 15?
d1d1ab
10333607 (base 9) to base 11
28a3457
What is -2cae5b (base 16) in base 6?
-142432323
Convert -1785 (base 14) to base 12.
-2549
What is 34423041 (base 5) in base 3?
120210122022
10152254 (base 6) to base 9
488257
3cd3a2 (base 14) to base 11
1211a1a
290a6 (base 13) to base 16
12ce7
What is -2c116 (base 15) in base 11?
-97758
3430111 (base 6) to base 9
286047
351255 (base 7) to base 12
304a3
What is -12545122 (base 6) in base 8?
-1461212
What is -20200202201 (base 3) in base 5?
-13204104
Convert 8959 (base 14) to base 16.
5cf3
Convert 8e67e5 (base 16) to base 11.
52a4891
211201120 (base 3) to base 7
66204
What is -2156591 (base 14) in base 6?
-1322442243
What is -1001100000100110 (base 2) in base 11?
-2729a
4124746 (base 8) to base 13
2c30c5
What is 210001000000011 (base 3) in base 14?
16b047a
Convert -100011101010110100 (base 2) to base 3.
-21102102010
What is -1c90e (base 16) in base 2?
-11100100100001110
-11253250 (base 8) to base 15
-335096
What is -6ed2 (base 16) in base 12?
-14502
10002313 (base 4) to base 15
4d97
-94733 (base 13) to base 5
-32021222
What is -84287 (base 9) in base 16?
-d95d
11414110 (base 5) to base 10
107405
Convert 140612 (base 12) to base 10.
332654
Convert -226ab20 (base 12) to base 14.
-c41d68
What is 111011100111100000001 (base 2) in base 4?
13130330001
What is -51114413 (base 7) in base 11?
-2447788
What is -753170 (base 11) in base 10?
-1204753
Convert 1850813 (base 9) to base 13.
2a41b2
What is -31001010011 (base 4) in base 6?
-201045205
What is 110011001011011011 (base 2) in base 16?
332db
Convert -6530535 (base 7) to base 8.
-3025333
What is -100012011101 (base 3) in base 15?
-3890a
What is 6b181 (base 13) in base 16?
2fcdf
What is 2b5222 (base 13) in base 2?
100000100110001001100
Convert -13c615 (base 14) to base 10.
-687195
Convert 693286 (base 11) to base 14.
209a72
What is -11100101001 (base 2) in base 13?
-ab0
What is -2a4a9b7 (base 13) in base 12?
-4633095
What is 17330c (base 14) in base 11?
507826
What is -122101012222 (base 3) in base 5?
-41421222
What is 880618 (base 11) in base 3?
2122110001111
What is 1b39a0 (base 16) in base 5?
424043344
What is -1141143210 (base 5) in base 14?
-4d9cca
What is -b9e63 (base 15) in base 3?
-1010000000010
What is 12211331111 (base 4) in base 16?
1a5f55
-8854200 (base 9) to base 13
-ca8669
-131141402 (base 5) to base 8
-2356515
Convert -112121112221 (base 3) to base 13.
-a0bc4
What is 20231002 (base 4) in base 5?
2120100
Convert 1202202021221 (base 3) to base 7.
10663135
What is 23332110112 (base 4) in base 16?
2fe516
What is 500345 (base 10) in base 5?
112002340
Convert -350467 (base 8) to base 6.
-2315211
What is -256451 (base 8) in base 2?
-10101110100101001
-12041411 (base 7) to base 9
-2008338
What is -133728 (base 9) in base 13?
-2b142
Convert -54374 (base 12) to base 2.
-11011001000001000
1121012101011 (base 3) to base 13
23a03a
12101112220 (base 3) to base 11
727a1
What is -318b (base 16) in base 14?
-489d
What is 157320 (base 8) in base 2?
1101111011010000
What is -110102221202 (base 3) in base 16?
-3bcae
What is -1036c0a (base 13) in base 12?
-1797828
100111111001010001010 (base 2) to base 7
14053203
-2078c6 (base 13) to base 6
-24140035
What is -6805745 (base 9) in base 14?
-6b5a67
1115650 (base 7) to base 2
100001111010010101
What is -708623 (base 9) in base 16?
-66762
Convert 20793 (base 12) to base 11.
29aaa
What is -74b080 (base 13) in base 4?
-22130112132
What is -203200201 (base 4) in base 12?
-70201
What is 17255a (base 14) in base 12?
332798
What is 8d37a (base 14) in base 9?
573414
What is 3e855 (base 16) in base 15?
50d25
Convert -130414201 (base 5) to base 2.
-10011011111011010100
-2b06b (base 15) to base 13
-4b050
1331020010 (base 4) to base 9
861032
What is -1d9921 (base 14) in base 12?
-4336b5
Convert 6936 (base 13) to base 2.
11100110011100
413768 (base 10) to base 9
700522
23c0d (base 15) to base 11
78797
3210541 (base 6) to base 10
157021
What is 110340243 (base 6) in base 4?
13211121003
What is -12024320 (base 5) in base 10?
-111210
3b7203 (base 13) to base 2
101100000011110111010
What is -2482a15 (base 11) in base 2?
-10000011011110101110110
2130020330 (base 5) to base 3
22112021112201
Convert -4327211 (base 10) to base 5.
-2101432321
21011110211 (base 3) to base 14
39587
What is -5092 (base 11) in base 8?
-15144
Convert 3363602 (base 7) to base 14.
aca39
What is 100001010110100 (base 2) in base 3?
212102110
1113332342 (base 5) to base 7
30040222
What is -29a6805 (base 12) in base 10?
-8430341
Convert 1638470 (base 9) to base 3.
1201022112100
Convert -227701 (base 8) to base 16.
-12fc1
Convert 332003123 (base 4) to base 7.
2106011
What is -430b1 (base 15) in base 8?
-637467
Convert 14105430 (base 6) to base 2.
1110100000110111010
-3cc836 (base 14) to base 16
-202e50
-56a067 (base 11) to base 8
-3352364
What is 6dc689 (base 14) in base 10?
3760577
Convert 3b419 (base 13) to base 15.
22b4d
-663663 (base 8) to base 6
-4441043
5102024 (base 6) to base 11
15549a
-23031122222 (base 4) to base 12
-b98662
Convert -1d28f (base 16) to base 7.
-1005135
Convert -32101020 (base 4) to base 9.
-88143
Convert 18a1b4 (base 15) to base 13.
32c6aa
-11521614 (base 8) to base 7
-30344420
114506 (base 11) to base 5
21303002
What is -653a19 (base 12) in base 10?
-1603317
Convert 3244432 (base 5) to base 6.
1112214
213230110021 (base 4) to base 13
22040a7
Convert 21424c (base 14) to base 5.
242004000
Convert 75563 (base 11) to base 14.
2c040
What is -13050 (base 10) in base 9?
-18810
What is -1876 (base 14) in base 10?
-4416
-2483640 (base 10) to base 16
-25e5b8
-13121203131 (base 4) to base 16
-1d98dd
10100133021 (base 4) to base 5
241203410
Convert 10124 (base 8) to base 2.
1000001010100
What is -10311142 (base 5) in base 2?
-10101100011101001
What is -1022000331 (base 4) in base 14?
-7c6a9
What is -21143311 (base 5) in base 16?
-2b724
-59153 (base 13) to base 14
-43499
What is d2510 (base 14) in base 4?
1323200202
Convert -1000101110011010101 (base 2) to base 7.
-2300361
Convert 12452222 (base 7) to base 2.
100010110000010111010
Convert 683a726 (base 11) to base 13.
2634029
-200323322 (base 5) to base 10
-792337
-13223312 (base 5) to base 15
-295dc
11011100111001011 (base 2) to base 16
1b9cb
-287130 (base 10) to base 9
-476773
Convert -20043020 (base 6) to base 3.
-1001202000110
-4220520 (base 8) to base 4
-10102011100
Convert -99339c (base 14) to base 5.
-2312220433
99821 (base 10) to base 9
161832
Convert -100010001111110101101 (base 2) to base 12.
-461525
Convert -50551224 (base 6) to base 13.
-3b7b44
5033200 (base 6) to base 11
152802
What is 10011011110 (base 4) in base 16?
105154
What is -4441138